st common factor of y and h?
12
Let j(f) = 580*f + 215. Let k be j(-4). Let g = k + 3330. Calculate the highest common divisor of 25 and g.
25
Let z(q) = 93*q + 2795. Let f be z(0). What is the greatest common factor of f and 10?
5
Suppose 133*q - 3210 - 17499 = -44*q. What is the highest common factor of q and 13?
13
Let p = 96 + -93. Suppose 3*o - 417 = -p*x, -4*x + 8*x = o + 561. What is the greatest common factor of x and 20?
20
Let v = -1179 + 1328. Suppose 2*s + x - 3 = -s, -6 = 5*s - 2*x. Suppose 5*q + 29 - v = s. What is the greatest common divisor of q and 8?
8
Let o = 261 - 168. Suppose 4001 + 6229 = -11*l. Let p be (6/(-4))/(45/l). What is the greatest common divisor of o and p?
31
Let h(m) = -m**2 - 5*m - 1. Let k(q) = 2*q**3 - 2*q + 1. Let l be k(-3). Let y = -50 - l. Let a be h(y). What is the greatest common factor of 5 and a?
5
Suppose 116*h - 108*h - 392 = 0. Let y be (h - -1 - -3) + 30/15. What is the highest common factor of y and 22?
11
Let p(h) = 25*h**2 - 45*h + 160. Let b be p(10). What is the greatest common factor of 544 and b?
34
Suppose 12*w - 1014 + 246 = 0. Suppose -w = -o - i, -o + 6*i + 64 = 8*i. Calculate the greatest common divisor of o and 2.
2
Let i be (19376/(-20))/(20/(-50)). Calculate the highest common divisor of 70 and i.
14
Let u = 425 - 212. Suppose 0 = -5*s - 93 + u. Let r be 3 + (-3)/12*0. Calculate the greatest common factor of r and s.
3
Let z(o) = 3*o**2 + 7*o - 100. Let v be z(10). Let p be (-3 + 26/6)*(-45)/(-6). Calculate the greatest common divisor of v and p.
10
Let u(b) = b**3 - b**2 + 546. Let x be u(0). Suppose -4*j = 9*j - x. What is the greatest common divisor of j and 24?
6
Let z = 62 + 37. Suppose t - 3*x = -71, 157 = 8*t - 10*t + x. Let q be (-2)/5 - 912/t. What is the highest common factor of q and z?
11
Suppose 4*j - 5*l - 212 = 0, 5*j = -4*l + l + 228. Calculate the highest common factor of 632 and j.
8
Let g(x) = 6*x**2 - 833*x - 112. Let c be g(139). Let n(m) = -9*m + 4. Let i be n(-5). Let b = i + -22. Calculate the highest common factor of b and c.
27
Let i(l) = -l**3 + 9*l**2 - 8*l. Let r be i(7). Suppose 0 = 33*v - 43*v + 3360. Calculate the highest common divisor of v and r.
42
Let u(s) = 6*s - 211. Let t be u(36). Suppose -2*o = 5*x - 0*x - 172, t*x - 4*o = 196. Calculate the highest common factor of 90 and x.
18
Let r(v) = 5*v**2 - 62*v + 92. Let s be r(11). What is the highest common divisor of 320 and s?
5
Suppose -796 - 5156 - 3593 = -115*d. Calculate the highest common factor of 2573 and d.
83
Let b be (-1)/(-7)*569 - 194/679. Let r be (2/(-3))/((-14)/1323). Calculate the highest common factor of r and b.
9
Let n(m) = -3758*m + 3748*m - 10 + 3 + 46. Let s be n(3). Let c be (-1 - -2)/(0 - -1). Calculate the greatest common divisor of c and s.
1
Let m(j) = 3381*j + 104. Let u be m(1). Calculate the greatest common divisor of u and 164.
41
Let s = 118 + 2132. Suppose -b = 5*b - s. Calculate the greatest common factor of b and 15.
15
Suppose 81 + 39 = 10*a. Let u be ((-18)/12)/(a/(-248) - 0). Calculate the greatest common factor of u and 1.
1
Suppose -2*d = -21*i + 23*i - 38188, 2*i + d - 38183 = 0. What is the highest common divisor of 378 and i?
189
Let j be 1570/5 - 4/(-10)*-5. Let o be ((-260)/j)/(2/(-24)). What is the greatest common factor of 5 and o?
5
Let x(r) = 2*r**2 + 56*r + 56. Let k be x(-27). Suppose -141 = -3*a - 4*v, 144 = k*a + a + 5*v. What is the greatest common divisor of 1 and a?
1
Suppose 0 = 2*w - 1 - 27. Suppose -2*x - 1490 = -1510. Suppose -x*t + 42 = -7*t. Calculate the highest common factor of t and w.
14
Suppose 34*s = 10085 + 5147. Suppose 9*w + s = 11*w. Suppose 3*b = -b + 128. What is the greatest common divisor of w and b?
32
Let o = 4638 - 4614. Calculate the greatest common factor of o and 972.
12
Suppose 7*q - 66 = -3. Let f be (-1 - (-3)/2)*(-432)/(-12). What is the highest common divisor of f and q?
9
Let n be (36/16)/(((-10)/112)/(-5)). Let a be n/(-294) + (59/7)/1. What is the greatest common divisor of 20 and a?
4
Let j be 4/(-7 + 7480/1064). What is the greatest common divisor of 95 and j?
19
Let t be -1 - 9/3*1/(9/(-39)). What is the greatest common factor of 2166 and t?
6
Let y(j) = -8*j**2 - j**2 - 3 + 4*j**2 + 13*j - 5*j. Let p be y(5). Let u be (p/6)/(((-4)/72)/1). What is the highest common divisor of u and 33?
33
Let p(g) = 57*g**2 + 3*g + 1. Let l(m) = -286*m**2 - 16*m - 6. Let q(c) = 3*l(c) + 16*p(c). Let x be q(1). What is the greatest common divisor of 182 and x?
26
Let w be (-2)/(-6)*(3144/40 + 24/(-40)). Calculate the greatest common factor of w and 3497.
13
Suppose -6*a = -9*a + 3*k + 66, 5*a = 3*k + 120. Suppose -a*r + 19*r = -128. Calculate the greatest common divisor of r and 8.
8
Suppose -o - 122 = -26*l + 22*l, 5*l - 3*o - 142 = 0. Suppose 1620 = 4*w - 44. What is the highest common factor of w and l?
32
Let q be (-1672)/(-5) - (280/(-50) - -6). Suppose 962 + q = 16*w. Calculate the highest common factor of w and 18.
9
Let t = -1 - -122. Let p be (-10 - 1)*(1 - 0). Let b be 0/((-1)/1) - p. What is the greatest common factor of t and b?
11
Let i(w) = 410*w - 2308. Let b be i(10). What is the greatest common divisor of 304 and b?
16
Let i be 232/(-2)*(-36)/24. Suppose -2*u - 3*u + 30 = 0. What is the highest common factor of u and i?
6
Let o be 18 - (-20 + (17 - 9)). What is the highest common factor of 384 and o?
6
Suppose -14*j = -13*j + 3*g - 14, -g - 12 = -3*j. Suppose -4*t + 2 = -3*t. Suppose 0 = t*d + 2*d - 60. What is the greatest common factor of j and d?
5
Let g(n) = n - 9. Let l be g(18). Let j(p) = -5*p**3 - 7*p**2 + 2*p + 1. Let c be j(-2). Calculate the highest common factor of c and l.
9
Suppose -8 = 2*u, -2*d - 2 = -d + u. Suppose d*s + 3 - 95 = 0. Suppose 4*k + o - 4*o = 50, -4*k = -o - s. What is the highest common factor of 121 and k?
11
Suppose -14*f - 3*y + 1926 = -11*f, -13*y + 642 = f. What is the highest common factor of 30 and f?
6
Suppose -6836*i + 2264 = -6831*i + 4*d, 0 = i + 4*d - 408. Let t be (-1 - (-16)/1) + 1. What is the greatest common divisor of t and i?
16
Suppose 4*m = q - 7, -3*q - 4*m + 29 = -8*m. Suppose 3*h = 4*c + 62, 2*h - 2*c - 25 - 17 = 0. Calculate the highest common divisor of h and q.
11
Let j(n) = n**3 + 24*n**2 - 49*n + 114. Let b(k) = k**3 - k**2 + 1. Let m(a) = -2*b(a) + j(a). Let u be m(24). What is the greatest common divisor of u and 121?
11
Let k = -10 - -21. Suppose -f + 935 = 2*t - 353, t - 651 = 3*f. Let i = 700 - t. What is the highest common divisor of k and i?
11
Let j = 97427 - 57217. Calculate the highest common divisor of j and 10.
10
Let r be ((-154)/(-4) - 1)*(-1770)/(-295). What is the greatest common divisor of 1025 and r?
25
Let x = 10962 - 10894. Calculate the greatest common factor of 108 and x.
4
Let p(w) = -23*w**2 - 19*w + 84. Let h(c) = 15*c**2 + 13*c - 56. Let y(b) = 8*h(b) + 5*p(b). Let o be y(4). What is the highest common factor of 44 and o?
44
Suppose 240 = -a + 3*w + 62, 0 = 5*w - 20. Suppose -5*p + 3*x - 256 - 220 = 0, 6 = 3*x. Let r = p - a. Calculate the highest common divisor of r and 8.
8
Suppose 29423 = 4*i + 2*k - 128083, -4*i = -4*k - 157488. Calculate the greatest common divisor of i and 21.
21
Suppose -15*z + 965 = -1090. What is the greatest common factor of z and 1?
1
Let t be ((-35)/(-3))/((-2)/(-6)). Suppose 0 = -4*a - 4*u + 24, -6*a + 91*u = 95*u - 38. What is the greatest common divisor of a and t?
7
Let m = 274 - 179. Let v be (-3)/((-342)/(-12)) - (-5900)/m. What is the greatest common factor of v and 310?
62
Suppose 0 = 38*q + 3515 - 10355. Calculate the greatest common factor of q and 495.
45
Suppose 4*n + 29 = -5*i, 4*n + 0*n + 35 = -3*i. Let v = n - -15. Let z = -4344 - -4354. Calculate the greatest common divisor of v and z.
2
Let c = -10344 - -10374. What is the highest common factor of c and 15090?
30
Let c(b) = 4*b - 17. Let h be c(11). Suppose w = -h + 9. Let j = 34 + w. Calculate the highest common divisor of j and 4.
4
Suppose -3*b - 2*n = -86, 28*n = 2*b + 31*n - 49. Suppose -3*v + 40 = 2*u - 7*v, 46 = 2*u - v. Calculate the highest common factor of b and u.
8
Let i(p) = 14*p - 13. Let h be i(2). Suppose -770 = -h*t + 10*t. Suppose -48 + 4 = -2*z. Calculate the highest common factor of t and z.
22
Sup